) in base 2?
-1010011111100101011111
Convert -514401 (base 6) to base 14.
-1101b
What is 24850261 (base 9) in base 11?
6980968
What is 100100000100100100010 (base 2) in base 9?
2201337
111111111110000 (base 2) to base 11
22675
-2a820 (base 14) to base 9
-171201
Convert -3132203112 (base 5) to base 10.
-6522282
Convert -11020330011 (base 5) to base 14.
-1815a24
1210212011 (base 3) to base 2
1000101100100001
What is -23202120 (base 5) in base 9?
-348535
11101101010101101000 (base 2) to base 4
3231111220
-703a0 (base 16) to base 4
-1300032200
What is 1075160 (base 8) in base 6?
10142424
-124533102 (base 6) to base 4
-21122322332
Convert -12131a (base 16) to base 12.
-4915b6
What is -22b53 (base 12) in base 4?
-23113233
What is -527624 (base 11) in base 4?
-3032030332
What is 13311101 (base 5) in base 8?
407757
What is -767547 (base 8) in base 16?
-3ef67
What is -16060546 (base 7) in base 6?
-53032414
Convert 110101001111111110 (base 2) to base 12.
a627a
Convert -1700845 (base 9) to base 7.
-11015324
What is -10100000011000001010 (base 2) in base 12?
-2781a2
-201320033 (base 4) to base 8
-417017
What is 2ba366 (base 13) in base 12?
440732
1671b45 (base 13) to base 8
33540757
Convert -10223201 (base 5) to base 11.
-59719
702230 (base 11) to base 15
174d7e
Convert -12113202120 (base 4) to base 16.
-197898
What is 20220022220222 (base 3) in base 7?
43113356
325569 (base 10) to base 11
202672
31027455 (base 8) to base 10
6565677
266606 (base 7) to base 9
76085
Convert 666450 (base 9) to base 10.
398403
Convert 6bff45 (base 16) to base 14.
d234a1
What is 1545132 (base 7) in base 8?
640123
667324 (base 8) to base 11
144038
What is -13300 (base 12) in base 11?
-18887
Convert 10102001021120 (base 3) to base 8.
6722471
10a61 (base 11) to base 10
15918
Convert 56947 (base 13) to base 3.
22000010211
What is 680c5 (base 16) in base 4?
1220003011
53cd09 (base 14) to base 13
7857b3
What is 120111021010 (base 3) in base 6?
10311350
What is 2731216 (base 8) in base 2?
10111011001010001110
What is -40221004 (base 5) in base 4?
-1032022001
What is 6ad91 (base 16) in base 13?
124284
What is -2019aca (base 14) in base 11?
-85a0144
What is -43b21 (base 13) in base 8?
-357541
Convert 3031206 (base 9) to base 5.
403134103
What is 5a99 (base 11) in base 6?
100525
Convert 101300233 (base 4) to base 3.
10200210111
48da6 (base 14) to base 15
37c75
10100011000111001 (base 2) to base 15
19b28
Convert -3464b5 (base 13) to base 4.
-10233100101
Convert -2cbdd (base 14) to base 13.
-3c04c
What is -16726b6 (base 14) in base 9?
-22674317
What is 8aa255 (base 12) in base 6?
115253345
Convert -6346 (base 7) to base 15.
-9e4
-13013213010 (base 4) to base 15
-26ce20
-13057577 (base 8) to base 4
-23011331333
1010111100000100101 (base 2) to base 16
57825
Convert bf1a1 (base 16) to base 2.
10111111000110100001
13113233300 (base 4) to base 14
384276
Convert -100001111001101000010 (base 2) to base 12.
-456a2a
-273763 (base 9) to base 12
-80670
Convert -43375 (base 9) to base 11.
-1a65a
Convert -111001101001101101011 (base 2) to base 3.
-10112222101211
What is -47338 (base 14) in base 8?
-522706
What is 2203223121 (base 4) in base 7?
5461410
Convert 26516445 (base 7) to base 6.
124200103
What is -3a7689 (base 11) in base 12?
-26a247
Convert -33200001 (base 4) to base 2.
-1111100000000001
Convert 70881 (base 13) to base 7.
1466061
Convert -76816 (base 12) to base 4.
-212100102
What is -1341321443 (base 5) in base 4?
-31031230332
Convert 1562175 (base 8) to base 3.
211221121222
Convert 191784 (base 11) to base 10.
295090
-1121012203 (base 4) to base 7
-3050014
Convert -124501543 (base 7) to base 2.
-11110011001000110100001
Convert 1001001001110101 (base 2) to base 7.
214211
What is 30084216 (base 9) in base 16?
dbcb88
What is -79404a (base 11) in base 2?
-100110100101101111000
1020220222200 (base 3) to base 7
5450544
What is 284ae8 (base 15) in base 16?
1d9906
212032223 (base 4) to base 11
a7712
What is -1033144211 (base 5) in base 4?
-20203000230
-9b7921 (base 16) to base 14
-14d3321
708074 (base 11) to base 12
46a746
141e7e (base 16) to base 10
1318526
2237057 (base 8) to base 13
182938
2871488 (base 11) to base 9
10252734
41a959 (base 13) to base 6
52541042
-96335 (base 11) to base 4
-202031330
What is 194641 (base 10) in base 15?
3ca11
What is 22765 (base 16) in base 3?
21011122001
What is 3230234331 (base 5) in base 15?
90e946
21210211101112 (base 3) to base 5
2030243002
Convert 161723 (base 9) to base 4.
120112110
-221004240 (base 6) to base 8
-17103400
Convert -2224455 (base 11) to base 3.
-21100011022022
What is -14320101 (base 6) in base 13?
-14323c
Convert -117132 (base 9) to base 3.
-10121011002
What is 178551 (base 10) in base 2?
101011100101110111
-1364252 (base 8) to base 2
-1011110100010101010
What is -21331 (base 12) in base 15?
-ce14
What is -12241333 (base 5) in base 2?
-11100111001000111
What is 53b2c (base 15) in base 10?
265767
-113542114 (base 6) to base 16
-20b73e
-431120432 (base 5) to base 8
-6734640
Convert 25a5b2 (base 14) to base 10.
1296304
5700a (base 12) to base 4
130101022
42135 (base 16) to base 11
175381
Convert -332215 (base 11) to base 16.
-8164c
Convert 32202012 (base 6) to base 3.
1210012221022
Convert -a33496 (base 11) to base 9.
-3107660
What is -303011013 (base 5) in base 11?
-763264
Convert -196c882 (base 13) to base 15.
-b04474
10660507 (base 8) to base 13
6324b9
2741101 (base 9) to base 7
15530512
176125 (base 8) to base 6
1215021
What is 1133236 (base 7) in base 9?
236811
What is -4136313 (base 8) in base 7?
-12215660
What is 16201 (base 16) in base 4?
112020001
Convert -1369235 (base 10) to base 13.
-38c2ca
4038684 (base 11) to base 6
413023041
Convert -2505344 (base 6) to base 9.
-223001
Convert 42035233 (base 6) to base 5.
302434432
Convert -1011010000101001110 (base 2) to base 10.
-368974
-214032303 (base 5) to base 7
-10566051
-ab7e6 (base 16) to base 7
-5653632
Convert 530a86 (base 16) to base 4.
110300222012
What is -3510302 (base 6) in base 8?
-540036
Convert -313414 (base 9) to base 2.
-101101011101111000
-66c (base 16) to base 9
-2226
What is -4894730 (base 10) in base 12?
-1780722
Convert 155240 (base 6) to base 7.
62664
30323232221 (base 4) to base 6
200400105
-15895b4 (base 12) to base 2
-10000110101010000011000
-1c772 (base 15) to base 13
-33320
436763 (base 9) to base 15
5246c
What is -11133111110 (base 4) in base 16?
-15f554
Convert -413516 (base 10) to base 8.
-1447514
-160579 (base 12) to base 7
-3115362
Convert 4188 (base 10) to base 8.
10134
Convert 101101101010011101101 (base 2) to base 3.
2211000112120
Convert -3a41c (base 13) to base 8.
-323502
Convert 332213310133 (base 4) to base 9.
33800504
What is 2240b8 (base 13) in base 11?
502604
4383a4 (base 11) to base 2
10101010101101110100
27a0b5 (base 15) to base 13
51a03a
What is -1366262 (base 9) in base 11?
-474443
Convert -20331232221 (base 4) to base 11.
-1365648
What is 42a9b (base 13) in base 8?
353210
Convert -380a3b3 (base 12) to base 7.
-162133113
What is abc43 (base 16) in base 3?
1022202002121
What is a116a (base 12) in base 14?
563d0
What is -13303334 (base 5) in base 13?
-494b8
6cf33 (base 16) to base 11
285310
What is 52610672 (base 8) in base 13?
2426c57
-61611216 (base 8) to base 5
-11314441124
What is 1011010001010001 (base 2) in base 3?
2100022200
-3862a90 (base 11) to base 5
-3203214113
12482 (base 15) to base 16
e41d
Convert -121978 (base 11) to base 9.
-323464
What is 145476 (base 12) in base 3?
122022212200
1590102 (base 14) to base 8
50231766
8b7c4 (base 14) to base 8
1226160
Convert -2024053 (base 6) to base 5.
-11044201
What is -4a14 (base 11) in base 5?
-202144
What is -839517 (base 12) in base 4?
-13321022203
What is 2420252 (base 6) in base 14?
34476
127085 (base 11) to base 16
30c3f
What is 1001001101101111000010000 (base 2) in base 14?
27d0608
What is -191809 (base 11) in base 8?
-1100330
22211030223 (base 4) to base 16
2a532b
-110100011110101011 (base 2) to base 5
-23334310
-527232 (base 8) to base 10
-175770
Convert -1243051 (base 6) to base 15.
-15281
319133 (base 11) to base 9
856438
What is 20012202022121 (base 3) in base 15?
4534ed
2463463 (base 7) to base 13
b1ab1
-111323141 (base 5) to base 4
-1320330331
Convert -37406 (base 15) to base 1